t is the greatest common factor of 8100 and 2807520?
60
Calculate the greatest common divisor of 952 and 1737077.
17
Calculate the greatest common factor of 86346 and 449606.
82
What is the greatest common divisor of 37395 and 1062849?
831
Calculate the highest common divisor of 4096901 and 1711.
59
What is the highest common divisor of 22025 and 46175?
25
What is the greatest common divisor of 895 and 38358805?
895
Calculate the highest common factor of 8649 and 24027.
3
Calculate the highest common divisor of 984345 and 2278173.
411
Calculate the highest common factor of 25138534 and 11926.
134
What is the highest common factor of 130 and 527501?
13
Calculate the greatest common factor of 7735539 and 2667.
21
What is the greatest common divisor of 5574884 and 17164?
28
Calculate the highest common factor of 24500 and 3846000.
500
What is the highest common factor of 117748 and 22604?
4
Calculate the highest common factor of 5145010 and 2565.
95
What is the highest common factor of 26052288 and 19176?
1128
Calculate the greatest common divisor of 558 and 61108936.
62
What is the highest common divisor of 810 and 6515640?
810
Calculate the greatest common divisor of 3486 and 230657.
581
Calculate the highest common factor of 1316 and 1759639.
7
Calculate the highest common divisor of 6478 and 22946498.
158
Calculate the greatest common divisor of 4312 and 18144.
56
What is the highest common divisor of 74901 and 222?
3
What is the highest common factor of 8224 and 951348208?
4112
What is the greatest common factor of 1013538 and 1422?
6
Calculate the greatest common factor of 2227236 and 14916.
132
Calculate the highest common divisor of 703140300 and 180.
180
What is the greatest common factor of 10924 and 14427873?
2731
What is the highest common factor of 588 and 20085492?
588
What is the greatest common factor of 10900808 and 39032?
136
What is the highest common factor of 609 and 87969?
21
Calculate the highest common factor of 804882 and 3536382.
3642
What is the greatest common factor of 5356 and 41861157?
1339
What is the greatest common divisor of 89571958 and 15036?
2506
Calculate the greatest common factor of 59897851 and 153.
17
Calculate the highest common factor of 1610455 and 395605.
3115
What is the highest common divisor of 2175 and 10411000?
725
What is the greatest common divisor of 578 and 53456619?
289
Calculate the greatest common divisor of 71 and 67473856.
71
What is the highest common divisor of 3675516 and 4914?
78
Calculate the highest common divisor of 10448640 and 358265.
4535
What is the greatest common divisor of 167325 and 5430?
15
Calculate the greatest common divisor of 928 and 234471496.
232
What is the greatest common factor of 5686 and 41743769?
2843
Calculate the greatest common factor of 1880133150 and 50.
50
What is the highest common divisor of 109595 and 2305?
5
What is the greatest common divisor of 553737 and 32619?
393
Calculate the highest common divisor of 3700584 and 4990.
998
Calculate the highest common divisor of 308992 and 12634876.
4828
Calculate the greatest common factor of 9922 and 12890974.
82
Calculate the greatest common divisor of 2240388 and 27.
9
What is the greatest common divisor of 338142 and 35358?
498
What is the greatest common divisor of 46 and 97164098?
46
What is the greatest common divisor of 462577640 and 7840?
1960
Calculate the highest common factor of 72880 and 595000.
40
What is the greatest common factor of 45 and 29086095?
15
Calculate the greatest common factor of 8523 and 46377.
9
What is the highest common divisor of 36 and 7695904?
4
Calculate the highest common divisor of 3799 and 666971.
29
Calculate the highest common factor of 4212 and 8384454.
234
Calculate the highest common divisor of 94234293 and 3.
3
What is the greatest common divisor of 2272 and 31161687?
71
What is the highest common divisor of 43735710 and 20?
10
What is the highest common divisor of 33943496 and 3497?
269
What is the highest common divisor of 740012240 and 16?
16
Calculate the greatest common factor of 560100 and 301200.
300
Calculate the greatest common divisor of 1983382 and 161.
23
What is the greatest common divisor of 7241 and 282165?
13
What is the greatest common divisor of 83246409 and 753?
753
Calculate the greatest common divisor of 15730 and 156853840.
1430
Calculate the highest common factor of 14580982 and 179.
179
What is the highest common factor of 3611743 and 1167041?
5531
Calculate the greatest common factor of 280640 and 930497.
877
Calculate the greatest common factor of 1716785 and 34209.
1267
What is the highest common divisor of 105 and 9897860?
35
What is the highest common factor of 8037 and 122529?
141
What is the highest common divisor of 3945768 and 13056?
408
Calculate the highest common divisor of 1320 and 445170.
330
Calculate the highest common factor of 576042 and 24.
6
Calculate the highest common divisor of 156 and 487641388.
52
What is the highest common factor of 486 and 9990108?
54
Calculate the greatest common divisor of 5108 and 13988258.
2554
Calculate the greatest common divisor of 1525922 and 3074.
58
What is the highest common factor of 8728 and 1778330?
2182
Calculate the greatest common divisor of 926895 and 150.
15
Calculate the highest common divisor of 4892444 and 244.
244
Calculate the highest common divisor of 303201 and 157596.
1713
What is the greatest common factor of 8 and 213378968?
8
What is the highest common divisor of 13286766 and 678?
678
What is the greatest common divisor of 283860 and 64695?
285
Calculate the greatest common factor of 12221482 and 7644.
1274
Calculate the greatest common divisor of 10110 and 798300765.
5055
What is the greatest common divisor of 235387208 and 2098?
2098
What is the highest common factor of 1217466 and 1415?
283
Calculate the greatest common factor of 1380097 and 8652.
103
What is the greatest common divisor of 15423 and 14303958?
159
What is the greatest common factor of 599650 and 2500?
50
What is the greatest common divisor of 206370 and 1125?
45
What is the highest common divisor of 2867492 and 61676?
68
What is the greatest common factor of 2115 and 359547885?
2115
What is the highest common factor of 4135015278 and 2322?
2322
What is the highest common factor of 662973 and 411342?
1149
What is the highest common factor of 33633420 and 760?
380
What is the greatest common divisor of 672904 and 32817351?
4427
What is the greatest common factor of 59175 and 120375?
225
Calculate the greatest common factor of 26045712 and 609.
609
Calculate the greatest common factor of 100451130 and 9452.
4726
Calculate the greatest common factor of 403646 and 3118.
2
What is the greatest common divisor of 137577 and 833811?
363
What is the greatest common factor of 110845 and 62895?
35
Calculate the greatest common divisor of 14858 and 961078.
782
What is the highest common factor of 48242345 and 39865?
5695
What is the highest common factor of 87590 and 181545?
95
Calculate the greatest common factor of 1338648 and 7248120.
6936
Calculate the greatest common divisor of 86699 and 18281.
181
What is the greatest common divisor of 1782056 and 18301768?
5288
Calculate the highest common divisor of 50294 and 492.
2
Calculate the highest common factor of 21 and 13187566.
7
Calculate the greatest common divisor of 37 and 54441467.
37
Calculate the highest common factor of 34386 and 62106.
66
Calculate the highest common divisor of 330952110 and 10.
10
Calculate the highest common factor of 191882152 and 1264.
632
Calculate the highest common factor of 17533418 and 237.
79
Calculate the highest common factor of 46592 and 64652.
28
What is the highest common factor of 104551590 and 38610?
4290
What is the greatest common factor of 33332 and 11245?
13
Calculate the highest common divisor of 9901432 and 171.
19
Calculate the highest common factor of 49567798 and 94.
94
What is the greatest common divisor of 5457716 and 70334?
506
What is the greatest common divisor of 64 and 12436188?
4
Calculate the highest common divisor of 4 and 159265244.
4
Calculate the greatest common divisor of 45 and 1824453.
9
What is the highest common factor of 117853856 and 32?
32
Calculate the greatest common factor of 62584